{"id":335,"date":"2025-09-23T13:11:58","date_gmt":"2025-09-23T13:11:58","guid":{"rendered":"https:\/\/nelyandmilady.com\/?page_id=335"},"modified":"2025-09-23T13:12:02","modified_gmt":"2025-09-23T13:12:02","slug":"manikir-i-pedikir","status":"publish","type":"page","link":"https:\/\/nelyandmilady.com\/?page_id=335","title":{"rendered":"Manikir i Pedikir"},"content":{"rendered":"\n<div class=\"wp-block-nk-awb nk-awb\"><div class=\"nk-awb-wrap\" data-awb-type=\"image\" data-awb-image-background-size=\"cover\" data-awb-image-background-position=\"53% 44%\"><div class=\"nk-awb-inner\" style=\"opacity: 0.4;\"><img loading=\"lazy\" decoding=\"async\" src=\"https:\/\/nelyandmilady.com\/wp-content\/uploads\/2025\/06\/pattern-pink.png\" class=\"wp-image-92 jarallax-img\" width=\"640\" height=\"359\" srcset=\"https:\/\/nelyandmilady.com\/wp-content\/uploads\/2025\/06\/pattern-pink.png 640w, https:\/\/nelyandmilady.com\/wp-content\/uploads\/2025\/06\/pattern-pink-300x168.png 300w, https:\/\/nelyandmilady.com\/wp-content\/uploads\/2025\/06\/pattern-pink-500x280.png 500w\" sizes=\"auto, (max-width: 640px) 100vw, 640px\" \/><\/div><\/div><div class=\"nk-awb-wrap-content is-layout-constrained wp-block-nk-awb-is-layout-constrained\">\n<div class=\"wp-block-media-text has-media-on-the-right is-stacked-on-mobile\" style=\"grid-template-columns:auto 28%\"><div class=\"wp-block-media-text__content\">\n<p>Manikir i pedikir su tretmani lepote za negu ruku i stopala koji uklju\u010duju obradu noktiju, zanoktica, a \u010desto i masa\u017eu i lakiranje, \u010dime se posti\u017ee estetski lep izgled i ose\u0107aj negovanosti.<\/p>\n<\/div><figure class=\"wp-block-media-text__media\"><img loading=\"lazy\" decoding=\"async\" width=\"1024\" height=\"1021\" src=\"https:\/\/nelyandmilady.com\/wp-content\/uploads\/2025\/09\/0-02-05-8e36c2cf5ac31954bbae652e3df2942a67e4b7f28a6791e839e17f28303f602c_eea07d7ca838fbd9-1024x1021.jpg\" alt=\"manikir i pedikir\" class=\"wp-image-336 size-full\" srcset=\"https:\/\/nelyandmilady.com\/wp-content\/uploads\/2025\/09\/0-02-05-8e36c2cf5ac31954bbae652e3df2942a67e4b7f28a6791e839e17f28303f602c_eea07d7ca838fbd9-1024x1021.jpg 1024w, https:\/\/nelyandmilady.com\/wp-content\/uploads\/2025\/09\/0-02-05-8e36c2cf5ac31954bbae652e3df2942a67e4b7f28a6791e839e17f28303f602c_eea07d7ca838fbd9-300x300.jpg 300w, https:\/\/nelyandmilady.com\/wp-content\/uploads\/2025\/09\/0-02-05-8e36c2cf5ac31954bbae652e3df2942a67e4b7f28a6791e839e17f28303f602c_eea07d7ca838fbd9-150x150.jpg 150w, https:\/\/nelyandmilady.com\/wp-content\/uploads\/2025\/09\/0-02-05-8e36c2cf5ac31954bbae652e3df2942a67e4b7f28a6791e839e17f28303f602c_eea07d7ca838fbd9-768x766.jpg 768w, https:\/\/nelyandmilady.com\/wp-content\/uploads\/2025\/09\/0-02-05-8e36c2cf5ac31954bbae652e3df2942a67e4b7f28a6791e839e17f28303f602c_eea07d7ca838fbd9-500x499.jpg 500w, https:\/\/nelyandmilady.com\/wp-content\/uploads\/2025\/09\/0-02-05-8e36c2cf5ac31954bbae652e3df2942a67e4b7f28a6791e839e17f28303f602c_eea07d7ca838fbd9-800x798.jpg 800w, https:\/\/nelyandmilady.com\/wp-content\/uploads\/2025\/09\/0-02-05-8e36c2cf5ac31954bbae652e3df2942a67e4b7f28a6791e839e17f28303f602c_eea07d7ca838fbd9.jpg 1079w\" sizes=\"auto, (max-width: 1024px) 100vw, 1024px\" \/><\/figure><\/div>\n<\/div><\/div>\n\n\n\n<div style=\"height:30px\" aria-hidden=\"true\" class=\"wp-block-spacer\"><\/div>\n\n\n\n<h4 class=\"wp-block-heading\">Ovi tretmani su namenjeni svima koji \u017eele da:&nbsp;<\/h4>\n\n\n\n<ul class=\"wp-block-list\">\n<li>Ulep\u0161aju i neguju svoje ruke i stopala.<\/li>\n\n\n\n<li>Uklone tvrdu i suvu ko\u017eu, \u017euljeve i kurje o\u010di.<\/li>\n\n\n\n<li>Daju noktima lep oblik i sjaj.<\/li>\n\n\n\n<li>Opu\u0161taju se i ose\u0107aju se negovano<\/li>\n<\/ul>\n\n\n\n<h4 class=\"wp-block-heading\">Prednosti:&nbsp;<\/h4>\n\n\n\n<ul class=\"wp-block-list\">\n<li><strong>Estetski izgled:<\/strong>\u00a0Ruke i stopala izgledaju lep\u0161e, urednije i negovanije.<\/li>\n\n\n\n<li><strong>Zdravlje ko\u017ee i noktiju:<\/strong>\u00a0Redovnom negom se spre\u010dava urastanje noktiju, suva ko\u017ea i druge neprijatnosti.<\/li>\n\n\n\n<li><strong>Opu\u0161tanje:<\/strong>\u00a0Masa\u017ea koja je sastavni deo ovih tretmana pru\u017ea ose\u0107aj relaksacije i blagostanja.<\/li>\n<\/ul>\n\n\n\n<p><\/p>\n","protected":false},"excerpt":{"rendered":"<p>Ovi tretmani su namenjeni svima koji \u017eele da:&nbsp; Prednosti:&nbsp;<\/p>\n","protected":false},"author":1,"featured_media":0,"parent":0,"menu_order":0,"comment_status":"closed","ping_status":"closed","template":"","meta":{"footnotes":""},"class_list":["post-335","page","type-page","status-publish","hentry"],"yoast_head":"<!-- This site is optimized with the Yoast SEO plugin v26.0 - https:\/\/yoast.com\/wordpress\/plugins\/seo\/ -->\n<title>Manikir i Pedikir - Nely&amp;MiLady<\/title>\n<meta name=\"robots\" content=\"index, follow, max-snippet:-1, max-image-preview:large, max-video-preview:-1\" \/>\n<link rel=\"canonical\" href=\"https:\/\/nelyandmilady.com\/?page_id=335\" \/>\n<meta property=\"og:locale\" content=\"en_US\" \/>\n<meta property=\"og:type\" content=\"article\" \/>\n<meta property=\"og:title\" content=\"Manikir i Pedikir - Nely&amp;MiLady\" \/>\n<meta property=\"og:description\" content=\"Ovi tretmani su namenjeni svima koji \u017eele da:&nbsp; Prednosti:&nbsp;\" \/>\n<meta property=\"og:url\" content=\"https:\/\/nelyandmilady.com\/?page_id=335\" \/>\n<meta property=\"og:site_name\" content=\"Nely&amp;MiLady\" \/>\n<meta property=\"article:modified_time\" content=\"2025-09-23T13:12:02+00:00\" \/>\n<meta property=\"og:image\" content=\"https:\/\/nelyandmilady.com\/wp-content\/uploads\/2025\/06\/pattern-pink.png\" \/>\n\t<meta property=\"og:image:width\" content=\"640\" \/>\n\t<meta property=\"og:image:height\" content=\"359\" \/>\n\t<meta property=\"og:image:type\" content=\"image\/png\" \/>\n<meta name=\"twitter:card\" content=\"summary_large_image\" \/>\n<meta name=\"twitter:label1\" content=\"Est. reading time\" \/>\n\t<meta name=\"twitter:data1\" content=\"1 minute\" \/>\n<script type=\"application\/ld+json\" class=\"yoast-schema-graph\">{\"@context\":\"https:\/\/schema.org\",\"@graph\":[{\"@type\":\"WebPage\",\"@id\":\"https:\/\/nelyandmilady.com\/?page_id=335\",\"url\":\"https:\/\/nelyandmilady.com\/?page_id=335\",\"name\":\"Manikir i Pedikir - Nely&amp;MiLady\",\"isPartOf\":{\"@id\":\"https:\/\/nelyandmilady.com\/#website\"},\"primaryImageOfPage\":{\"@id\":\"https:\/\/nelyandmilady.com\/?page_id=335#primaryimage\"},\"image\":{\"@id\":\"https:\/\/nelyandmilady.com\/?page_id=335#primaryimage\"},\"thumbnailUrl\":\"https:\/\/nelyandmilady.com\/wp-content\/uploads\/2025\/06\/pattern-pink.png\",\"datePublished\":\"2025-09-23T13:11:58+00:00\",\"dateModified\":\"2025-09-23T13:12:02+00:00\",\"breadcrumb\":{\"@id\":\"https:\/\/nelyandmilady.com\/?page_id=335#breadcrumb\"},\"inLanguage\":\"en-US\",\"potentialAction\":[{\"@type\":\"ReadAction\",\"target\":[\"https:\/\/nelyandmilady.com\/?page_id=335\"]}]},{\"@type\":\"ImageObject\",\"inLanguage\":\"en-US\",\"@id\":\"https:\/\/nelyandmilady.com\/?page_id=335#primaryimage\",\"url\":\"https:\/\/nelyandmilady.com\/wp-content\/uploads\/2025\/06\/pattern-pink.png\",\"contentUrl\":\"https:\/\/nelyandmilady.com\/wp-content\/uploads\/2025\/06\/pattern-pink.png\",\"width\":640,\"height\":359},{\"@type\":\"BreadcrumbList\",\"@id\":\"https:\/\/nelyandmilady.com\/?page_id=335#breadcrumb\",\"itemListElement\":[{\"@type\":\"ListItem\",\"position\":1,\"name\":\"Home\",\"item\":\"https:\/\/nelyandmilady.com\/\"},{\"@type\":\"ListItem\",\"position\":2,\"name\":\"Manikir i Pedikir\"}]},{\"@type\":\"WebSite\",\"@id\":\"https:\/\/nelyandmilady.com\/#website\",\"url\":\"https:\/\/nelyandmilady.com\/\",\"name\":\"Nely&MiLady\",\"description\":\"kozmeti\u010dki salon\",\"publisher\":{\"@id\":\"https:\/\/nelyandmilady.com\/#organization\"},\"potentialAction\":[{\"@type\":\"SearchAction\",\"target\":{\"@type\":\"EntryPoint\",\"urlTemplate\":\"https:\/\/nelyandmilady.com\/?s={search_term_string}\"},\"query-input\":{\"@type\":\"PropertyValueSpecification\",\"valueRequired\":true,\"valueName\":\"search_term_string\"}}],\"inLanguage\":\"en-US\"},{\"@type\":\"Organization\",\"@id\":\"https:\/\/nelyandmilady.com\/#organization\",\"name\":\"Nely&MiLady\",\"url\":\"https:\/\/nelyandmilady.com\/\",\"logo\":{\"@type\":\"ImageObject\",\"inLanguage\":\"en-US\",\"@id\":\"https:\/\/nelyandmilady.com\/#\/schema\/logo\/image\/\",\"url\":\"https:\/\/nelyandmilady.com\/wp-content\/uploads\/2025\/06\/cropped-cropped-Nely-e1749734668989.jpg\",\"contentUrl\":\"https:\/\/nelyandmilady.com\/wp-content\/uploads\/2025\/06\/cropped-cropped-Nely-e1749734668989.jpg\",\"width\":150,\"height\":150,\"caption\":\"Nely&MiLady\"},\"image\":{\"@id\":\"https:\/\/nelyandmilady.com\/#\/schema\/logo\/image\/\"}}]}<\/script>\n<!-- \/ Yoast SEO plugin. -->","yoast_head_json":{"title":"Manikir i Pedikir - Nely&amp;MiLady","robots":{"index":"index","follow":"follow","max-snippet":"max-snippet:-1","max-image-preview":"max-image-preview:large","max-video-preview":"max-video-preview:-1"},"canonical":"https:\/\/nelyandmilady.com\/?page_id=335","og_locale":"en_US","og_type":"article","og_title":"Manikir i Pedikir - Nely&amp;MiLady","og_description":"Ovi tretmani su namenjeni svima koji \u017eele da:&nbsp; Prednosti:&nbsp;","og_url":"https:\/\/nelyandmilady.com\/?page_id=335","og_site_name":"Nely&amp;MiLady","article_modified_time":"2025-09-23T13:12:02+00:00","og_image":[{"width":640,"height":359,"url":"https:\/\/nelyandmilady.com\/wp-content\/uploads\/2025\/06\/pattern-pink.png","type":"image\/png"}],"twitter_card":"summary_large_image","twitter_misc":{"Est. reading time":"1 minute"},"schema":{"@context":"https:\/\/schema.org","@graph":[{"@type":"WebPage","@id":"https:\/\/nelyandmilady.com\/?page_id=335","url":"https:\/\/nelyandmilady.com\/?page_id=335","name":"Manikir i Pedikir - Nely&amp;MiLady","isPartOf":{"@id":"https:\/\/nelyandmilady.com\/#website"},"primaryImageOfPage":{"@id":"https:\/\/nelyandmilady.com\/?page_id=335#primaryimage"},"image":{"@id":"https:\/\/nelyandmilady.com\/?page_id=335#primaryimage"},"thumbnailUrl":"https:\/\/nelyandmilady.com\/wp-content\/uploads\/2025\/06\/pattern-pink.png","datePublished":"2025-09-23T13:11:58+00:00","dateModified":"2025-09-23T13:12:02+00:00","breadcrumb":{"@id":"https:\/\/nelyandmilady.com\/?page_id=335#breadcrumb"},"inLanguage":"en-US","potentialAction":[{"@type":"ReadAction","target":["https:\/\/nelyandmilady.com\/?page_id=335"]}]},{"@type":"ImageObject","inLanguage":"en-US","@id":"https:\/\/nelyandmilady.com\/?page_id=335#primaryimage","url":"https:\/\/nelyandmilady.com\/wp-content\/uploads\/2025\/06\/pattern-pink.png","contentUrl":"https:\/\/nelyandmilady.com\/wp-content\/uploads\/2025\/06\/pattern-pink.png","width":640,"height":359},{"@type":"BreadcrumbList","@id":"https:\/\/nelyandmilady.com\/?page_id=335#breadcrumb","itemListElement":[{"@type":"ListItem","position":1,"name":"Home","item":"https:\/\/nelyandmilady.com\/"},{"@type":"ListItem","position":2,"name":"Manikir i Pedikir"}]},{"@type":"WebSite","@id":"https:\/\/nelyandmilady.com\/#website","url":"https:\/\/nelyandmilady.com\/","name":"Nely&MiLady","description":"kozmeti\u010dki salon","publisher":{"@id":"https:\/\/nelyandmilady.com\/#organization"},"potentialAction":[{"@type":"SearchAction","target":{"@type":"EntryPoint","urlTemplate":"https:\/\/nelyandmilady.com\/?s={search_term_string}"},"query-input":{"@type":"PropertyValueSpecification","valueRequired":true,"valueName":"search_term_string"}}],"inLanguage":"en-US"},{"@type":"Organization","@id":"https:\/\/nelyandmilady.com\/#organization","name":"Nely&MiLady","url":"https:\/\/nelyandmilady.com\/","logo":{"@type":"ImageObject","inLanguage":"en-US","@id":"https:\/\/nelyandmilady.com\/#\/schema\/logo\/image\/","url":"https:\/\/nelyandmilady.com\/wp-content\/uploads\/2025\/06\/cropped-cropped-Nely-e1749734668989.jpg","contentUrl":"https:\/\/nelyandmilady.com\/wp-content\/uploads\/2025\/06\/cropped-cropped-Nely-e1749734668989.jpg","width":150,"height":150,"caption":"Nely&MiLady"},"image":{"@id":"https:\/\/nelyandmilady.com\/#\/schema\/logo\/image\/"}}]}},"_links":{"self":[{"href":"https:\/\/nelyandmilady.com\/index.php?rest_route=\/wp\/v2\/pages\/335","targetHints":{"allow":["GET"]}}],"collection":[{"href":"https:\/\/nelyandmilady.com\/index.php?rest_route=\/wp\/v2\/pages"}],"about":[{"href":"https:\/\/nelyandmilady.com\/index.php?rest_route=\/wp\/v2\/types\/page"}],"author":[{"embeddable":true,"href":"https:\/\/nelyandmilady.com\/index.php?rest_route=\/wp\/v2\/users\/1"}],"replies":[{"embeddable":true,"href":"https:\/\/nelyandmilady.com\/index.php?rest_route=%2Fwp%2Fv2%2Fcomments&post=335"}],"version-history":[{"count":2,"href":"https:\/\/nelyandmilady.com\/index.php?rest_route=\/wp\/v2\/pages\/335\/revisions"}],"predecessor-version":[{"id":342,"href":"https:\/\/nelyandmilady.com\/index.php?rest_route=\/wp\/v2\/pages\/335\/revisions\/342"}],"wp:attachment":[{"href":"https:\/\/nelyandmilady.com\/index.php?rest_route=%2Fwp%2Fv2%2Fmedia&parent=335"}],"curies":[{"name":"wp","href":"https:\/\/api.w.org\/{rel}","templated":true}]}}