{"id":237,"date":"2025-08-11T12:28:21","date_gmt":"2025-08-11T12:28:21","guid":{"rendered":"https:\/\/nelyandmilady.com\/?page_id=237"},"modified":"2025-08-14T09:43:17","modified_gmt":"2025-08-14T09:43:17","slug":"piling-masaza","status":"publish","type":"page","link":"https:\/\/nelyandmilady.com\/?page_id=237","title":{"rendered":"Piling masa\u017ea"},"content":{"rendered":"\n<div class=\"wp-block-nk-awb nk-awb\"><div class=\"nk-awb-wrap\" data-awb-type=\"image\" data-awb-image-background-size=\"cover\" data-awb-image-background-position=\"53% 44%\"><div class=\"nk-awb-inner\" style=\"opacity: 0.4;\"><img loading=\"lazy\" decoding=\"async\" src=\"https:\/\/nelyandmilady.com\/wp-content\/uploads\/2025\/06\/pattern-pink.png\" class=\"wp-image-92 jarallax-img\" width=\"640\" height=\"359\" srcset=\"https:\/\/nelyandmilady.com\/wp-content\/uploads\/2025\/06\/pattern-pink.png 640w, https:\/\/nelyandmilady.com\/wp-content\/uploads\/2025\/06\/pattern-pink-300x168.png 300w, https:\/\/nelyandmilady.com\/wp-content\/uploads\/2025\/06\/pattern-pink-500x280.png 500w\" sizes=\"auto, (max-width: 640px) 100vw, 640px\" \/><\/div><\/div><div class=\"nk-awb-wrap-content is-layout-constrained wp-block-nk-awb-is-layout-constrained\">\n<div class=\"wp-block-media-text has-media-on-the-right is-stacked-on-mobile\" style=\"padding-top:var(--wp--preset--spacing--20);padding-right:var(--wp--preset--spacing--20);padding-bottom:var(--wp--preset--spacing--20);padding-left:var(--wp--preset--spacing--20);grid-template-columns:auto 45%\"><div class=\"wp-block-media-text__content\">\n<p><strong>Piling masa\u017ea<\/strong> je tretman koji kombinuje piling tela sa masa\u017eom.&nbsp;Uklju\u010duje kori\u0161\u0107enje abrazivnih supstanci za uklanjanje mrtvih \u0107elija ko\u017ee, nakon \u010dega sledi masa\u017ea koja opu\u0161ta telo, pobolj\u0161ava cirkulaciju i poma\u017ee hidratantnim proizvodima da dublje prodru u ko\u017eu.&nbsp;<\/p>\n<\/div><figure class=\"wp-block-media-text__media\"><img loading=\"lazy\" decoding=\"async\" width=\"1024\" height=\"682\" src=\"https:\/\/nelyandmilady.com\/wp-content\/uploads\/2025\/07\/piling-masaza-1024x682.jpeg\" alt=\"\" class=\"wp-image-225 size-full\" srcset=\"https:\/\/nelyandmilady.com\/wp-content\/uploads\/2025\/07\/piling-masaza-1024x682.jpeg 1024w, https:\/\/nelyandmilady.com\/wp-content\/uploads\/2025\/07\/piling-masaza-300x200.jpeg 300w, https:\/\/nelyandmilady.com\/wp-content\/uploads\/2025\/07\/piling-masaza-768x512.jpeg 768w, https:\/\/nelyandmilady.com\/wp-content\/uploads\/2025\/07\/piling-masaza-500x333.jpeg 500w, https:\/\/nelyandmilady.com\/wp-content\/uploads\/2025\/07\/piling-masaza-800x533.jpeg 800w, https:\/\/nelyandmilady.com\/wp-content\/uploads\/2025\/07\/piling-masaza.jpeg 1280w\" sizes=\"auto, (max-width: 1024px) 100vw, 1024px\" \/><\/figure><\/div>\n<\/div><\/div>\n\n\n\n<div style=\"height:30px\" aria-hidden=\"true\" class=\"wp-block-spacer\"><\/div>\n\n\n\n<h3 class=\"wp-block-heading\"><em>\u0160ta je piling tela?<\/em><\/h3>\n\n\n\n<p>Piling tela je kozmeti\u010dki tretman koji koristi abrazivne sastojke poput \u0161e\u0107era, soli, kafe ili drugih granula, kako bi se uklonili mrtvi slojevi ko\u017ee.&nbsp;<\/p>\n\n\n\n<h3 class=\"wp-block-heading\"><em>Benefiti pilinga tela:<\/em><\/h3>\n\n\n\n<ul class=\"wp-block-list\">\n<li>Uklanjanje mrtvih \u0107elija ko\u017ee<\/li>\n\n\n\n<li>\u010ci\u0161\u0107enje pora<\/li>\n\n\n\n<li>Ujedna\u010davanje tena<\/li>\n\n\n\n<li>Pobolj\u0161anje teksture ko\u017ee<\/li>\n\n\n\n<li>Stimulacija cirkulacije<\/li>\n\n\n\n<li>Bolja apsorpcija proizvoda za negu ko\u017ee&nbsp;<\/li>\n<\/ul>\n\n\n\n<h3 class=\"wp-block-heading\"><em>Dodatni efekti piling masa\u017ee<\/em><\/h3>\n\n\n\n<p>Opu\u0161tanje tela i uma, smanjenje napetosti u mi\u0161i\u0107ima, ose\u0107aj lako\u0107e i osloba\u0111anja od umora.<\/p>\n\n\n\n<p><a href=\"https:\/\/nelyandmilady.com\/?page_id=50\">Zaka\u017eite <\/a>Va\u0161 termin za trenutke u\u017eivanja i opu\u0161tanja.<\/p>\n","protected":false},"excerpt":{"rendered":"<p>\u0160ta je piling tela? Piling tela je kozmeti\u010dki tretman koji koristi abrazivne sastojke poput \u0161e\u0107era, soli, kafe ili drugih granula, kako bi se uklonili mrtvi slojevi ko\u017ee.&nbsp; Benefiti pilinga tela: Dodatni efekti piling masa\u017ee Opu\u0161tanje tela i uma, smanjenje napetosti u mi\u0161i\u0107ima, ose\u0107aj lako\u0107e i osloba\u0111anja od umora. Zaka\u017eite Va\u0161 termin za trenutke u\u017eivanja i <a class=\"read-more\" href=\"https:\/\/nelyandmilady.com\/?page_id=237\">READ MORE<\/a><\/p>\n","protected":false},"author":1,"featured_media":0,"parent":0,"menu_order":0,"comment_status":"closed","ping_status":"closed","template":"","meta":{"footnotes":""},"class_list":["post-237","page","type-page","status-publish","hentry"],"yoast_head":"<!-- This site is optimized with the Yoast SEO plugin v26.0 - https:\/\/yoast.com\/wordpress\/plugins\/seo\/ -->\n<title>Piling masa\u017ea - Nely&amp;MiLady<\/title>\n<meta name=\"description\" content=\"Piling masa\u017ea je tretman koji kombinuje piling tela sa masa\u017eom.\u00a0Uklju\u010duje kori\u0161\u0107enje abrazivnih supstanci za uklanjanje mrtvih \u0107elija ko\u017ee\" \/>\n<meta name=\"robots\" content=\"index, follow, max-snippet:-1, max-image-preview:large, max-video-preview:-1\" \/>\n<link rel=\"canonical\" href=\"https:\/\/nelyandmilady.com\/?page_id=237\" \/>\n<meta property=\"og:locale\" content=\"en_US\" \/>\n<meta property=\"og:type\" content=\"article\" \/>\n<meta property=\"og:title\" content=\"Piling masa\u017ea - Nely&amp;MiLady\" \/>\n<meta property=\"og:description\" content=\"Piling masa\u017ea je tretman koji kombinuje piling tela sa masa\u017eom.\u00a0Uklju\u010duje kori\u0161\u0107enje abrazivnih supstanci za uklanjanje mrtvih \u0107elija ko\u017ee\" \/>\n<meta property=\"og:url\" content=\"https:\/\/nelyandmilady.com\/?page_id=237\" \/>\n<meta property=\"og:site_name\" content=\"Nely&amp;MiLady\" \/>\n<meta property=\"article:modified_time\" content=\"2025-08-14T09:43:17+00:00\" \/>\n<meta property=\"og:image\" content=\"https:\/\/nelyandmilady.com\/wp-content\/uploads\/2025\/06\/pattern-pink.png\" \/>\n\t<meta property=\"og:image:width\" content=\"640\" \/>\n\t<meta property=\"og:image:height\" content=\"359\" \/>\n\t<meta property=\"og:image:type\" content=\"image\/png\" \/>\n<meta name=\"twitter:card\" content=\"summary_large_image\" \/>\n<meta name=\"twitter:label1\" content=\"Est. reading time\" \/>\n\t<meta name=\"twitter:data1\" content=\"1 minute\" \/>\n<script type=\"application\/ld+json\" class=\"yoast-schema-graph\">{\"@context\":\"https:\/\/schema.org\",\"@graph\":[{\"@type\":\"WebPage\",\"@id\":\"https:\/\/nelyandmilady.com\/?page_id=237\",\"url\":\"https:\/\/nelyandmilady.com\/?page_id=237\",\"name\":\"Piling masa\u017ea - Nely&amp;MiLady\",\"isPartOf\":{\"@id\":\"https:\/\/nelyandmilady.com\/#website\"},\"primaryImageOfPage\":{\"@id\":\"https:\/\/nelyandmilady.com\/?page_id=237#primaryimage\"},\"image\":{\"@id\":\"https:\/\/nelyandmilady.com\/?page_id=237#primaryimage\"},\"thumbnailUrl\":\"https:\/\/nelyandmilady.com\/wp-content\/uploads\/2025\/06\/pattern-pink.png\",\"datePublished\":\"2025-08-11T12:28:21+00:00\",\"dateModified\":\"2025-08-14T09:43:17+00:00\",\"description\":\"Piling masa\u017ea je tretman koji kombinuje piling tela sa masa\u017eom.\u00a0Uklju\u010duje kori\u0161\u0107enje abrazivnih supstanci za uklanjanje mrtvih \u0107elija ko\u017ee\",\"breadcrumb\":{\"@id\":\"https:\/\/nelyandmilady.com\/?page_id=237#breadcrumb\"},\"inLanguage\":\"en-US\",\"potentialAction\":[{\"@type\":\"ReadAction\",\"target\":[\"https:\/\/nelyandmilady.com\/?page_id=237\"]}]},{\"@type\":\"ImageObject\",\"inLanguage\":\"en-US\",\"@id\":\"https:\/\/nelyandmilady.com\/?page_id=237#primaryimage\",\"url\":\"https:\/\/nelyandmilady.com\/wp-content\/uploads\/2025\/06\/pattern-pink.png\",\"contentUrl\":\"https:\/\/nelyandmilady.com\/wp-content\/uploads\/2025\/06\/pattern-pink.png\",\"width\":640,\"height\":359},{\"@type\":\"BreadcrumbList\",\"@id\":\"https:\/\/nelyandmilady.com\/?page_id=237#breadcrumb\",\"itemListElement\":[{\"@type\":\"ListItem\",\"position\":1,\"name\":\"Home\",\"item\":\"https:\/\/nelyandmilady.com\/\"},{\"@type\":\"ListItem\",\"position\":2,\"name\":\"Piling masa\u017ea\"}]},{\"@type\":\"WebSite\",\"@id\":\"https:\/\/nelyandmilady.com\/#website\",\"url\":\"https:\/\/nelyandmilady.com\/\",\"name\":\"Nely&MiLady\",\"description\":\"kozmeti\u010dki salon\",\"publisher\":{\"@id\":\"https:\/\/nelyandmilady.com\/#organization\"},\"potentialAction\":[{\"@type\":\"SearchAction\",\"target\":{\"@type\":\"EntryPoint\",\"urlTemplate\":\"https:\/\/nelyandmilady.com\/?s={search_term_string}\"},\"query-input\":{\"@type\":\"PropertyValueSpecification\",\"valueRequired\":true,\"valueName\":\"search_term_string\"}}],\"inLanguage\":\"en-US\"},{\"@type\":\"Organization\",\"@id\":\"https:\/\/nelyandmilady.com\/#organization\",\"name\":\"Nely&MiLady\",\"url\":\"https:\/\/nelyandmilady.com\/\",\"logo\":{\"@type\":\"ImageObject\",\"inLanguage\":\"en-US\",\"@id\":\"https:\/\/nelyandmilady.com\/#\/schema\/logo\/image\/\",\"url\":\"https:\/\/nelyandmilady.com\/wp-content\/uploads\/2025\/06\/cropped-cropped-Nely-e1749734668989.jpg\",\"contentUrl\":\"https:\/\/nelyandmilady.com\/wp-content\/uploads\/2025\/06\/cropped-cropped-Nely-e1749734668989.jpg\",\"width\":150,\"height\":150,\"caption\":\"Nely&MiLady\"},\"image\":{\"@id\":\"https:\/\/nelyandmilady.com\/#\/schema\/logo\/image\/\"}}]}<\/script>\n<!-- \/ Yoast SEO plugin. -->","yoast_head_json":{"title":"Piling masa\u017ea - Nely&amp;MiLady","description":"Piling masa\u017ea je tretman koji kombinuje piling tela sa masa\u017eom.\u00a0Uklju\u010duje kori\u0161\u0107enje abrazivnih supstanci za uklanjanje mrtvih \u0107elija ko\u017ee","robots":{"index":"index","follow":"follow","max-snippet":"max-snippet:-1","max-image-preview":"max-image-preview:large","max-video-preview":"max-video-preview:-1"},"canonical":"https:\/\/nelyandmilady.com\/?page_id=237","og_locale":"en_US","og_type":"article","og_title":"Piling masa\u017ea - Nely&amp;MiLady","og_description":"Piling masa\u017ea je tretman koji kombinuje piling tela sa masa\u017eom.\u00a0Uklju\u010duje kori\u0161\u0107enje abrazivnih supstanci za uklanjanje mrtvih \u0107elija ko\u017ee","og_url":"https:\/\/nelyandmilady.com\/?page_id=237","og_site_name":"Nely&amp;MiLady","article_modified_time":"2025-08-14T09:43:17+00:00","og_image":[{"width":640,"height":359,"url":"https:\/\/nelyandmilady.com\/wp-content\/uploads\/2025\/06\/pattern-pink.png","type":"image\/png"}],"twitter_card":"summary_large_image","twitter_misc":{"Est. reading time":"1 minute"},"schema":{"@context":"https:\/\/schema.org","@graph":[{"@type":"WebPage","@id":"https:\/\/nelyandmilady.com\/?page_id=237","url":"https:\/\/nelyandmilady.com\/?page_id=237","name":"Piling masa\u017ea - Nely&amp;MiLady","isPartOf":{"@id":"https:\/\/nelyandmilady.com\/#website"},"primaryImageOfPage":{"@id":"https:\/\/nelyandmilady.com\/?page_id=237#primaryimage"},"image":{"@id":"https:\/\/nelyandmilady.com\/?page_id=237#primaryimage"},"thumbnailUrl":"https:\/\/nelyandmilady.com\/wp-content\/uploads\/2025\/06\/pattern-pink.png","datePublished":"2025-08-11T12:28:21+00:00","dateModified":"2025-08-14T09:43:17+00:00","description":"Piling masa\u017ea je tretman koji kombinuje piling tela sa masa\u017eom.\u00a0Uklju\u010duje kori\u0161\u0107enje abrazivnih supstanci za uklanjanje mrtvih \u0107elija ko\u017ee","breadcrumb":{"@id":"https:\/\/nelyandmilady.com\/?page_id=237#breadcrumb"},"inLanguage":"en-US","potentialAction":[{"@type":"ReadAction","target":["https:\/\/nelyandmilady.com\/?page_id=237"]}]},{"@type":"ImageObject","inLanguage":"en-US","@id":"https:\/\/nelyandmilady.com\/?page_id=237#primaryimage","url":"https:\/\/nelyandmilady.com\/wp-content\/uploads\/2025\/06\/pattern-pink.png","contentUrl":"https:\/\/nelyandmilady.com\/wp-content\/uploads\/2025\/06\/pattern-pink.png","width":640,"height":359},{"@type":"BreadcrumbList","@id":"https:\/\/nelyandmilady.com\/?page_id=237#breadcrumb","itemListElement":[{"@type":"ListItem","position":1,"name":"Home","item":"https:\/\/nelyandmilady.com\/"},{"@type":"ListItem","position":2,"name":"Piling masa\u017ea"}]},{"@type":"WebSite","@id":"https:\/\/nelyandmilady.com\/#website","url":"https:\/\/nelyandmilady.com\/","name":"Nely&MiLady","description":"kozmeti\u010dki salon","publisher":{"@id":"https:\/\/nelyandmilady.com\/#organization"},"potentialAction":[{"@type":"SearchAction","target":{"@type":"EntryPoint","urlTemplate":"https:\/\/nelyandmilady.com\/?s={search_term_string}"},"query-input":{"@type":"PropertyValueSpecification","valueRequired":true,"valueName":"search_term_string"}}],"inLanguage":"en-US"},{"@type":"Organization","@id":"https:\/\/nelyandmilady.com\/#organization","name":"Nely&MiLady","url":"https:\/\/nelyandmilady.com\/","logo":{"@type":"ImageObject","inLanguage":"en-US","@id":"https:\/\/nelyandmilady.com\/#\/schema\/logo\/image\/","url":"https:\/\/nelyandmilady.com\/wp-content\/uploads\/2025\/06\/cropped-cropped-Nely-e1749734668989.jpg","contentUrl":"https:\/\/nelyandmilady.com\/wp-content\/uploads\/2025\/06\/cropped-cropped-Nely-e1749734668989.jpg","width":150,"height":150,"caption":"Nely&MiLady"},"image":{"@id":"https:\/\/nelyandmilady.com\/#\/schema\/logo\/image\/"}}]}},"_links":{"self":[{"href":"https:\/\/nelyandmilady.com\/index.php?rest_route=\/wp\/v2\/pages\/237","targetHints":{"allow":["GET"]}}],"collection":[{"href":"https:\/\/nelyandmilady.com\/index.php?rest_route=\/wp\/v2\/pages"}],"about":[{"href":"https:\/\/nelyandmilady.com\/index.php?rest_route=\/wp\/v2\/types\/page"}],"author":[{"embeddable":true,"href":"https:\/\/nelyandmilady.com\/index.php?rest_route=\/wp\/v2\/users\/1"}],"replies":[{"embeddable":true,"href":"https:\/\/nelyandmilady.com\/index.php?rest_route=%2Fwp%2Fv2%2Fcomments&post=237"}],"version-history":[{"count":3,"href":"https:\/\/nelyandmilady.com\/index.php?rest_route=\/wp\/v2\/pages\/237\/revisions"}],"predecessor-version":[{"id":322,"href":"https:\/\/nelyandmilady.com\/index.php?rest_route=\/wp\/v2\/pages\/237\/revisions\/322"}],"wp:attachment":[{"href":"https:\/\/nelyandmilady.com\/index.php?rest_route=%2Fwp%2Fv2%2Fmedia&parent=237"}],"curies":[{"name":"wp","href":"https:\/\/api.w.org\/{rel}","templated":true}]}}