{"id":181,"date":"2025-06-24T13:26:14","date_gmt":"2025-06-24T13:26:14","guid":{"rendered":"https:\/\/nelyandmilady.com\/?page_id=181"},"modified":"2025-08-14T09:35:34","modified_gmt":"2025-08-14T09:35:34","slug":"presoterapija","status":"publish","type":"page","link":"https:\/\/nelyandmilady.com\/?page_id=181","title":{"rendered":"Presoterapija"},"content":{"rendered":"\n<div class=\"wp-block-nk-awb nk-awb\"><div class=\"nk-awb-wrap\" data-awb-type=\"image\" data-awb-image-background-size=\"cover\" data-awb-image-background-position=\"53% 44%\"><div class=\"nk-awb-inner\" style=\"opacity: 0.4;\"><img loading=\"lazy\" decoding=\"async\" src=\"https:\/\/nelyandmilady.com\/wp-content\/uploads\/2025\/06\/pattern-pink.png\" class=\"wp-image-92 jarallax-img\" width=\"640\" height=\"359\" srcset=\"https:\/\/nelyandmilady.com\/wp-content\/uploads\/2025\/06\/pattern-pink.png 640w, https:\/\/nelyandmilady.com\/wp-content\/uploads\/2025\/06\/pattern-pink-300x168.png 300w, https:\/\/nelyandmilady.com\/wp-content\/uploads\/2025\/06\/pattern-pink-500x280.png 500w\" sizes=\"auto, (max-width: 640px) 100vw, 640px\" \/><\/div><\/div><div class=\"nk-awb-wrap-content is-layout-constrained wp-block-nk-awb-is-layout-constrained\">\n<div class=\"wp-block-media-text has-media-on-the-right is-stacked-on-mobile\" style=\"padding-top:var(--wp--preset--spacing--20);padding-right:var(--wp--preset--spacing--20);padding-bottom:var(--wp--preset--spacing--20);padding-left:var(--wp--preset--spacing--20);grid-template-columns:auto 44%\"><div class=\"wp-block-media-text__content\">\n<p><em><strong>Presoterapija<\/strong><\/em>&nbsp;doprinosi obnavljanju venozno-limfati\u010dkih funkcija, posebno periferne cirkulacije. Ona obavlja drena\u017eu, smanjuje otoke i napetost mi\u0161i\u0107a. Ima zna\u010dajne detoks i revitaliziraju\u0107e efekte, poma\u017ee obnavljanje tkiva i spre\u010dava nastanak celulita. Ovo je veoma relaksiraju\u0107i tretman koji stvara ose\u0107aj dobrobiti i lako\u0107e.<\/p>\n\n\n\n<p><em><strong>Presoterapija<\/strong><\/em>&nbsp;je ure\u0111aj dizajniran za borbu sa opu\u0161tenom ko\u017eom, masnim naslagama i problemima koji nastaju usled zadr\u017eavanja vode, kao i za smanjivanje celulita, i preoblikovanje tela.<\/p>\n<\/div><figure class=\"wp-block-media-text__media\"><img loading=\"lazy\" decoding=\"async\" width=\"1024\" height=\"670\" src=\"https:\/\/nelyandmilady.com\/wp-content\/uploads\/2025\/06\/presoterapija-e1750771415479.jpg\" alt=\"\" class=\"wp-image-182 size-full\" srcset=\"https:\/\/nelyandmilady.com\/wp-content\/uploads\/2025\/06\/presoterapija-e1750771415479.jpg 1024w, https:\/\/nelyandmilady.com\/wp-content\/uploads\/2025\/06\/presoterapija-e1750771415479-300x196.jpg 300w, https:\/\/nelyandmilady.com\/wp-content\/uploads\/2025\/06\/presoterapija-e1750771415479-768x503.jpg 768w, https:\/\/nelyandmilady.com\/wp-content\/uploads\/2025\/06\/presoterapija-e1750771415479-500x327.jpg 500w, https:\/\/nelyandmilady.com\/wp-content\/uploads\/2025\/06\/presoterapija-e1750771415479-800x523.jpg 800w\" sizes=\"auto, (max-width: 1024px) 100vw, 1024px\" \/><\/figure><\/div>\n<\/div><\/div>\n\n\n\n<div style=\"height:30px\" aria-hidden=\"true\" class=\"wp-block-spacer\"><\/div>\n\n\n\n<h3 class=\"wp-block-heading\"><em>Kako presoterapija funkcioni\u0161e?<\/em><\/h3>\n\n\n\n<p><strong><em>Presoterapija <\/em><\/strong>deluje na principu mehani\u010dke stimulacije limfnog sistema.\u00a0Limfni sistem je va\u017ean deo imunog sistema i cirkulacije, ali za razliku od krvotoka, nema svoju pumpu, pa se oslanja na pokrete tela i mi\u0161i\u0107nu aktivnost.\u00a0Kada je limfni tok usporen, mo\u017ee do\u0107i do nagomilavanja te\u010dnosti, otoka i ose\u0107aja te\u017eine u telu.\u00a0<\/p>\n\n\n\n<p>Tokom presoterapije, specijalne man\u017eetne koje se obla\u010de na telo (noge, ruke, stomak) se pune vazduhom pod pritiskom, stvaraju\u0107i efekat masa\u017ee.\u00a0Odela su podeljena na stopala, noge, pod-sektor sa prorezima na mestima gde se nalaze limfni \u010dvorovi; odela se mogu pode\u0161avati prema visini klijenta i obima nogu i ruku, sa naizmeni\u010dnim unutra\u0161njim vazdu\u0161nim komorama. Ovaj pritisak podsti\u010de protok limfe i izbacivanje vi\u0161ka te\u010dnosti i toksina iz organizma.\u00a0Tretman je prijatan, opu\u0161taju\u0107i i obi\u010dno traje 30-40 minuta.\u00a0<\/p>\n\n\n\n<h3 class=\"wp-block-heading\"><em>Ko ne bi trebalo da koristi presoterapiju?<\/em><\/h3>\n\n\n\n<p><strong><em>Presoterapija <\/em><\/strong>se ne preporu\u010duje trudnicama, dojiljama, osobama sa tromboflebitisom, pro\u0161irenim venama, arterosklerozom, epilepsijom, te\u0161kim oboljenjima jetre i bubrega, kao i osobama koje imaju akutne upale vena ili postoje\u0107e infekcije na ko\u017ei.\u00a0<\/p>\n\n\n\n<h3 class=\"wp-block-heading\"><em>Presoterapija \u2013 rezultati<\/em><\/h3>\n\n\n\n<p>\u2013 Pobolj\u0161anje venske cirkulacije, posebno kod pro\u0161irenih vena i problema sa kapilarima<\/p>\n\n\n\n<p>\u2013 Prevencija pojave i otklanjanje celulita<\/p>\n\n\n\n<p>\u2013 Otklanjanje tegoba kod umornih, te\u0161kih nogu<\/p>\n\n\n\n<p>\u2013 Pobolj\u0161anje ukupnog stanja imunog sistema<\/p>\n\n\n\n<p><\/p>\n","protected":false},"excerpt":{"rendered":"<p>Kako presoterapija funkcioni\u0161e? Presoterapija deluje na principu mehani\u010dke stimulacije limfnog sistema.\u00a0Limfni sistem je va\u017ean deo imunog sistema i cirkulacije, ali za razliku od krvotoka, nema svoju pumpu, pa se oslanja na pokrete tela i mi\u0161i\u0107nu aktivnost.\u00a0Kada je limfni tok usporen, mo\u017ee do\u0107i do nagomilavanja te\u010dnosti, otoka i ose\u0107aja te\u017eine u telu.\u00a0 Tokom presoterapije, specijalne man\u017eetne <a class=\"read-more\" href=\"https:\/\/nelyandmilady.com\/?page_id=181\">READ MORE<\/a><\/p>\n","protected":false},"author":1,"featured_media":0,"parent":0,"menu_order":0,"comment_status":"closed","ping_status":"closed","template":"","meta":{"footnotes":""},"class_list":["post-181","page","type-page","status-publish","hentry"],"yoast_head":"<!-- This site is optimized with the Yoast SEO plugin v26.0 - https:\/\/yoast.com\/wordpress\/plugins\/seo\/ -->\n<title>Presoterapija - Nely&amp;MiLady<\/title>\n<meta name=\"description\" content=\"Presoterapija\u00a0doprinosi obnavljanju venozno-limfati\u010dkih funkcija. Ona obavlja drena\u017eu, smanjuje otoke i napetost mi\u0161i\u0107a.\" \/>\n<meta name=\"robots\" content=\"index, follow, max-snippet:-1, max-image-preview:large, max-video-preview:-1\" \/>\n<link rel=\"canonical\" href=\"https:\/\/nelyandmilady.com\/?page_id=181\" \/>\n<meta property=\"og:locale\" content=\"en_US\" \/>\n<meta property=\"og:type\" content=\"article\" \/>\n<meta property=\"og:title\" content=\"Presoterapija - Nely&amp;MiLady\" \/>\n<meta property=\"og:description\" content=\"Presoterapija\u00a0doprinosi obnavljanju venozno-limfati\u010dkih funkcija. Ona obavlja drena\u017eu, smanjuje otoke i napetost mi\u0161i\u0107a.\" \/>\n<meta property=\"og:url\" content=\"https:\/\/nelyandmilady.com\/?page_id=181\" \/>\n<meta property=\"og:site_name\" content=\"Nely&amp;MiLady\" \/>\n<meta property=\"article:modified_time\" content=\"2025-08-14T09:35:34+00:00\" \/>\n<meta property=\"og:image\" content=\"https:\/\/nelyandmilady.com\/wp-content\/uploads\/2025\/06\/pattern-pink.png\" \/>\n\t<meta property=\"og:image:width\" content=\"640\" \/>\n\t<meta property=\"og:image:height\" content=\"359\" \/>\n\t<meta property=\"og:image:type\" content=\"image\/png\" \/>\n<meta name=\"twitter:card\" content=\"summary_large_image\" \/>\n<meta name=\"twitter:label1\" content=\"Est. reading time\" \/>\n\t<meta name=\"twitter:data1\" content=\"2 minutes\" \/>\n<script type=\"application\/ld+json\" class=\"yoast-schema-graph\">{\"@context\":\"https:\/\/schema.org\",\"@graph\":[{\"@type\":\"WebPage\",\"@id\":\"https:\/\/nelyandmilady.com\/?page_id=181\",\"url\":\"https:\/\/nelyandmilady.com\/?page_id=181\",\"name\":\"Presoterapija - Nely&amp;MiLady\",\"isPartOf\":{\"@id\":\"https:\/\/nelyandmilady.com\/#website\"},\"primaryImageOfPage\":{\"@id\":\"https:\/\/nelyandmilady.com\/?page_id=181#primaryimage\"},\"image\":{\"@id\":\"https:\/\/nelyandmilady.com\/?page_id=181#primaryimage\"},\"thumbnailUrl\":\"https:\/\/nelyandmilady.com\/wp-content\/uploads\/2025\/06\/pattern-pink.png\",\"datePublished\":\"2025-06-24T13:26:14+00:00\",\"dateModified\":\"2025-08-14T09:35:34+00:00\",\"description\":\"Presoterapija\u00a0doprinosi obnavljanju venozno-limfati\u010dkih funkcija. Ona obavlja drena\u017eu, smanjuje otoke i napetost mi\u0161i\u0107a.\",\"breadcrumb\":{\"@id\":\"https:\/\/nelyandmilady.com\/?page_id=181#breadcrumb\"},\"inLanguage\":\"en-US\",\"potentialAction\":[{\"@type\":\"ReadAction\",\"target\":[\"https:\/\/nelyandmilady.com\/?page_id=181\"]}]},{\"@type\":\"ImageObject\",\"inLanguage\":\"en-US\",\"@id\":\"https:\/\/nelyandmilady.com\/?page_id=181#primaryimage\",\"url\":\"https:\/\/nelyandmilady.com\/wp-content\/uploads\/2025\/06\/pattern-pink.png\",\"contentUrl\":\"https:\/\/nelyandmilady.com\/wp-content\/uploads\/2025\/06\/pattern-pink.png\",\"width\":640,\"height\":359},{\"@type\":\"BreadcrumbList\",\"@id\":\"https:\/\/nelyandmilady.com\/?page_id=181#breadcrumb\",\"itemListElement\":[{\"@type\":\"ListItem\",\"position\":1,\"name\":\"Home\",\"item\":\"https:\/\/nelyandmilady.com\/\"},{\"@type\":\"ListItem\",\"position\":2,\"name\":\"Presoterapija\"}]},{\"@type\":\"WebSite\",\"@id\":\"https:\/\/nelyandmilady.com\/#website\",\"url\":\"https:\/\/nelyandmilady.com\/\",\"name\":\"Nely&MiLady\",\"description\":\"kozmeti\u010dki salon\",\"publisher\":{\"@id\":\"https:\/\/nelyandmilady.com\/#organization\"},\"potentialAction\":[{\"@type\":\"SearchAction\",\"target\":{\"@type\":\"EntryPoint\",\"urlTemplate\":\"https:\/\/nelyandmilady.com\/?s={search_term_string}\"},\"query-input\":{\"@type\":\"PropertyValueSpecification\",\"valueRequired\":true,\"valueName\":\"search_term_string\"}}],\"inLanguage\":\"en-US\"},{\"@type\":\"Organization\",\"@id\":\"https:\/\/nelyandmilady.com\/#organization\",\"name\":\"Nely&MiLady\",\"url\":\"https:\/\/nelyandmilady.com\/\",\"logo\":{\"@type\":\"ImageObject\",\"inLanguage\":\"en-US\",\"@id\":\"https:\/\/nelyandmilady.com\/#\/schema\/logo\/image\/\",\"url\":\"https:\/\/nelyandmilady.com\/wp-content\/uploads\/2025\/06\/cropped-cropped-Nely-e1749734668989.jpg\",\"contentUrl\":\"https:\/\/nelyandmilady.com\/wp-content\/uploads\/2025\/06\/cropped-cropped-Nely-e1749734668989.jpg\",\"width\":150,\"height\":150,\"caption\":\"Nely&MiLady\"},\"image\":{\"@id\":\"https:\/\/nelyandmilady.com\/#\/schema\/logo\/image\/\"}}]}<\/script>\n<!-- \/ Yoast SEO plugin. -->","yoast_head_json":{"title":"Presoterapija - Nely&amp;MiLady","description":"Presoterapija\u00a0doprinosi obnavljanju venozno-limfati\u010dkih funkcija. Ona obavlja drena\u017eu, smanjuje otoke i napetost mi\u0161i\u0107a.","robots":{"index":"index","follow":"follow","max-snippet":"max-snippet:-1","max-image-preview":"max-image-preview:large","max-video-preview":"max-video-preview:-1"},"canonical":"https:\/\/nelyandmilady.com\/?page_id=181","og_locale":"en_US","og_type":"article","og_title":"Presoterapija - Nely&amp;MiLady","og_description":"Presoterapija\u00a0doprinosi obnavljanju venozno-limfati\u010dkih funkcija. Ona obavlja drena\u017eu, smanjuje otoke i napetost mi\u0161i\u0107a.","og_url":"https:\/\/nelyandmilady.com\/?page_id=181","og_site_name":"Nely&amp;MiLady","article_modified_time":"2025-08-14T09:35:34+00:00","og_image":[{"width":640,"height":359,"url":"https:\/\/nelyandmilady.com\/wp-content\/uploads\/2025\/06\/pattern-pink.png","type":"image\/png"}],"twitter_card":"summary_large_image","twitter_misc":{"Est. reading time":"2 minutes"},"schema":{"@context":"https:\/\/schema.org","@graph":[{"@type":"WebPage","@id":"https:\/\/nelyandmilady.com\/?page_id=181","url":"https:\/\/nelyandmilady.com\/?page_id=181","name":"Presoterapija - Nely&amp;MiLady","isPartOf":{"@id":"https:\/\/nelyandmilady.com\/#website"},"primaryImageOfPage":{"@id":"https:\/\/nelyandmilady.com\/?page_id=181#primaryimage"},"image":{"@id":"https:\/\/nelyandmilady.com\/?page_id=181#primaryimage"},"thumbnailUrl":"https:\/\/nelyandmilady.com\/wp-content\/uploads\/2025\/06\/pattern-pink.png","datePublished":"2025-06-24T13:26:14+00:00","dateModified":"2025-08-14T09:35:34+00:00","description":"Presoterapija\u00a0doprinosi obnavljanju venozno-limfati\u010dkih funkcija. Ona obavlja drena\u017eu, smanjuje otoke i napetost mi\u0161i\u0107a.","breadcrumb":{"@id":"https:\/\/nelyandmilady.com\/?page_id=181#breadcrumb"},"inLanguage":"en-US","potentialAction":[{"@type":"ReadAction","target":["https:\/\/nelyandmilady.com\/?page_id=181"]}]},{"@type":"ImageObject","inLanguage":"en-US","@id":"https:\/\/nelyandmilady.com\/?page_id=181#primaryimage","url":"https:\/\/nelyandmilady.com\/wp-content\/uploads\/2025\/06\/pattern-pink.png","contentUrl":"https:\/\/nelyandmilady.com\/wp-content\/uploads\/2025\/06\/pattern-pink.png","width":640,"height":359},{"@type":"BreadcrumbList","@id":"https:\/\/nelyandmilady.com\/?page_id=181#breadcrumb","itemListElement":[{"@type":"ListItem","position":1,"name":"Home","item":"https:\/\/nelyandmilady.com\/"},{"@type":"ListItem","position":2,"name":"Presoterapija"}]},{"@type":"WebSite","@id":"https:\/\/nelyandmilady.com\/#website","url":"https:\/\/nelyandmilady.com\/","name":"Nely&MiLady","description":"kozmeti\u010dki salon","publisher":{"@id":"https:\/\/nelyandmilady.com\/#organization"},"potentialAction":[{"@type":"SearchAction","target":{"@type":"EntryPoint","urlTemplate":"https:\/\/nelyandmilady.com\/?s={search_term_string}"},"query-input":{"@type":"PropertyValueSpecification","valueRequired":true,"valueName":"search_term_string"}}],"inLanguage":"en-US"},{"@type":"Organization","@id":"https:\/\/nelyandmilady.com\/#organization","name":"Nely&MiLady","url":"https:\/\/nelyandmilady.com\/","logo":{"@type":"ImageObject","inLanguage":"en-US","@id":"https:\/\/nelyandmilady.com\/#\/schema\/logo\/image\/","url":"https:\/\/nelyandmilady.com\/wp-content\/uploads\/2025\/06\/cropped-cropped-Nely-e1749734668989.jpg","contentUrl":"https:\/\/nelyandmilady.com\/wp-content\/uploads\/2025\/06\/cropped-cropped-Nely-e1749734668989.jpg","width":150,"height":150,"caption":"Nely&MiLady"},"image":{"@id":"https:\/\/nelyandmilady.com\/#\/schema\/logo\/image\/"}}]}},"_links":{"self":[{"href":"https:\/\/nelyandmilady.com\/index.php?rest_route=\/wp\/v2\/pages\/181","targetHints":{"allow":["GET"]}}],"collection":[{"href":"https:\/\/nelyandmilady.com\/index.php?rest_route=\/wp\/v2\/pages"}],"about":[{"href":"https:\/\/nelyandmilady.com\/index.php?rest_route=\/wp\/v2\/types\/page"}],"author":[{"embeddable":true,"href":"https:\/\/nelyandmilady.com\/index.php?rest_route=\/wp\/v2\/users\/1"}],"replies":[{"embeddable":true,"href":"https:\/\/nelyandmilady.com\/index.php?rest_route=%2Fwp%2Fv2%2Fcomments&post=181"}],"version-history":[{"count":4,"href":"https:\/\/nelyandmilady.com\/index.php?rest_route=\/wp\/v2\/pages\/181\/revisions"}],"predecessor-version":[{"id":315,"href":"https:\/\/nelyandmilady.com\/index.php?rest_route=\/wp\/v2\/pages\/181\/revisions\/315"}],"wp:attachment":[{"href":"https:\/\/nelyandmilady.com\/index.php?rest_route=%2Fwp%2Fv2%2Fmedia&parent=181"}],"curies":[{"name":"wp","href":"https:\/\/api.w.org\/{rel}","templated":true}]}}